{"id":184,"date":"2018-10-30T14:27:51","date_gmt":"2018-10-30T14:27:51","guid":{"rendered":"http:\/\/iceoestoril.cl\/?page_id=184"},"modified":"2020-04-18T18:46:04","modified_gmt":"2020-04-18T18:46:04","slug":"filosofia","status":"publish","type":"page","link":"https:\/\/iceoestoril.cl\/index.php\/filosofia\/","title":{"rendered":"Filosof\u00eda"},"content":{"rendered":"<p>[vc_row][vc_column][vc_column_text]About us<\/p>\n<h3>Filosof\u00eda<\/h3>\n<p style=\" font-size: 16px; line-height: 35px;\">Nuestros pacientes son nuestra motivaci\u00f3n. Sabemos que a nuestros pacientes le afecta una situaci\u00f3n particular, y nos preocupamos de entregarles una soluci\u00f3n integral y diferenciada, y de acuerdo a sus propias inquietudes y necesidades.<\/p>\n<p>Nuestro Prop\u00f3sito es ser \u201cTu Cl\u00ednica\u201d. Entregar en un solo lugar un servicio personalizado y de excelencia en todas las especialidades.<\/p>\n<p>center<\/p>\n<p>no-repeat;center top;;<\/p>\n<p>auto[\/vc_column_text][\/vc_column][\/vc_row]<\/p>\n","protected":false},"excerpt":{"rendered":"<p>[vc_row][vc_column][vc_column_text]About us Filosof\u00eda Nuestros pacientes son nuestra motivaci\u00f3n. Sabemos que a nuestros pacientes le afecta una situaci\u00f3n particular, y nos preocupamos de entregarles una soluci\u00f3n integral<span class=\"excerpt-hellip\"> [\u2026]<\/span><\/p>\n","protected":false},"author":2,"featured_media":0,"parent":0,"menu_order":0,"comment_status":"open","ping_status":"closed","template":"","meta":{"footnotes":""},"class_list":["post-184","page","type-page","status-publish","hentry"],"_links":{"self":[{"href":"https:\/\/iceoestoril.cl\/index.php\/wp-json\/wp\/v2\/pages\/184","targetHints":{"allow":["GET"]}}],"collection":[{"href":"https:\/\/iceoestoril.cl\/index.php\/wp-json\/wp\/v2\/pages"}],"about":[{"href":"https:\/\/iceoestoril.cl\/index.php\/wp-json\/wp\/v2\/types\/page"}],"author":[{"embeddable":true,"href":"https:\/\/iceoestoril.cl\/index.php\/wp-json\/wp\/v2\/users\/2"}],"replies":[{"embeddable":true,"href":"https:\/\/iceoestoril.cl\/index.php\/wp-json\/wp\/v2\/comments?post=184"}],"version-history":[{"count":6,"href":"https:\/\/iceoestoril.cl\/index.php\/wp-json\/wp\/v2\/pages\/184\/revisions"}],"predecessor-version":[{"id":361,"href":"https:\/\/iceoestoril.cl\/index.php\/wp-json\/wp\/v2\/pages\/184\/revisions\/361"}],"wp:attachment":[{"href":"https:\/\/iceoestoril.cl\/index.php\/wp-json\/wp\/v2\/media?parent=184"}],"curies":[{"name":"wp","href":"https:\/\/api.w.org\/{rel}","templated":true}]}}